+ 5. Let s be k(-4). List the prime factors of d(s).
5, 7
Suppose 3*f + 194 = -5*b, -b + 297 = 4*f - 8*f. Let l be -26*(0 + 33/(-6)). Let n = l + f. List the prime factors of n.
2, 5, 7
Let b(o) be the second derivative of o**4/12 + o**3/6 + 3*o**2/2 - o. Let w be ((-26)/13)/(0 - (-2)/(-3)). List the prime factors of b(w).
3, 5
Let y = -176 + 75. Let g = -71 - y. Let r = g - 14. What are the prime factors of r?
2
Let b(s) = 5*s - 11. Let j be b(3). Suppose -3*u = -j*v - 182, u - 6*u - v = -288. What are the prime factors of u?
2, 29
Suppose 19 - 34 = -5*l. Let q be (0 + 1)/(l/(-45)). Let j = -10 - q. List the prime factors of j.
5
Let q(b) = 6*b + 11. Let c be 14*-3*3/18. Let y be q(c). Let t = -18 - y. List the prime factors of t.
13
Let i = -892 - -1268. What are the prime factors of i?
2, 47
Suppose 44*v = 32*v + 36780. List the prime factors of v.
5, 613
Let t(u) = -8*u**3 - 6*u**2 + 4*u + 10. List the prime factors of t(-5).
2, 3, 5, 7
Suppose 2*k - 1865 = -4*n + 55, -5*k - 5*n = -4815. What are the prime factors of k?
2, 3, 7, 23
Let r(x) = x**2 + 6*x + 3. Let j be r(-6). Suppose -u = -5*s + j, 4*u + 3*s = -0*u - 35. Let y = 53 + u. List the prime factors of y.
3, 5
Let w = 626 - 447. Let c = -108 + w. What are the prime factors of c?
71
Let u(n) = 43*n - 8. List the prime factors of u(19).
809
Suppose -u + 6*u - 25 = 0, 0 = -3*m - 4*u + 32. Suppose -m*b = 3*j + 101, 54 = -b + 4*j + j. Let o = b + 45. What are the prime factors of o?
2
Let f = -1528 + 2603. List the prime factors of f.
5, 43
Suppose -63*q + 61*q - 20 = 0. Let n = q - -24. What are the prime factors of n?
2, 7
Let x(t) = -t**2 - 20*t - 17. What are the prime factors of x(-18)?
19
Suppose 0 = 4*l + 5*k - 6383, -2*l + 2*k + 3169 = -3*k. What are the prime factors of l?
2, 199
Let f(j) = -j**3 - 8*j**2 + 9*j - 9. Let x be f(-9). List the prime factors of 6/(-5)*(-34 - x).
2, 3, 5
Suppose 0 = 4*g - 8, -4*g + 8 = -0*s + s. Suppose -r + s = -22. Suppose 5*k = 28 + r. List the prime factors of k.
2, 5
Let j(d) = -7*d + 939. What are the prime factors of j(41)?
2, 163
Let t(i) = 43*i + 7. Let q = 95 - 91. List the prime factors of t(q).
179
Let p(l) be the third derivative of -l**6/120 + l**4/12 - l**3/2 + 6*l**2. Let b be p(-3). Suppose 5*k - 142 = b. What are the prime factors of k?
2
What are the prime factors of (-6)/(-9) + 41078/69?
2, 149
Let j = 59 - -184. Let q = -47 + j. List the prime factors of q.
2, 7
What are the prime factors of 1*((-5 - -975) + -3)?
967
What are the prime factors of -1*(8 + 1265*-1)?
3, 419
Suppose w + 2 = -2*k - 2, 0 = 2*w + 5*k + 10. Suppose 3*b + 8 = 2*r, -r + 2*r + b - 9 = w. List the prime factors of r.
7
Let v = 4 - 8. Let d(s) be the first derivative of -7*s**2/2 - 2*s + 30. List the prime factors of d(v).
2, 13
Let b(v) = 72*v**2 - 6*v + 43. What are the prime factors of b(-6)?
2671
Let l be (-2 - -8)*(-1)/(-2). Suppose 12 = 3*g + l. Suppose 2*r - 101 = -g*r - c, 12 = -3*c. What are the prime factors of r?
3, 7
List the prime factors of (-1)/2 - (-107675)/118.
2, 3, 19
Suppose -k - 2*k - 3*v + 60 = 0, -3*k + 3*v + 36 = 0. Let f be (-4)/(-3) - k/(-24). Suppose f*m = -t + m + 20, -t - 2*m + 15 = 0. List the prime factors of t.
5
Suppose 4 = 3*k - 5*x - 1, -5*k + 2*x = -2. Suppose 9*l - 2*l - 63 = k. What are the prime factors of l?
3
Suppose -13*w = -4*w - 4257. Suppose -w = -5*h - 4*p, -5*p = -5*h + 320 + 180. List the prime factors of h.
97
Suppose -2*q = -4*h - 8, 0*q - 3*q + 12 = 0. Suppose h = -0*p - 3*p + 237. What are the prime factors of p?
79
Suppose 0 = 6*l + 806 + 226. Let n(h) = h**2 + h - 4. Let u be n(-5). List the prime factors of ((-8)/u)/(2/l).
43
Let t = -36 - -40. Suppose 5*z - t*c + 2*c = 535, 5*z + c = 520. What are the prime factors of z?
3, 5, 7
Let f(c) = -c. Let d(s) = 3*s - 5. Let o(b) = -d(b) - 2*f(b). Let z(q) = 2*q**2 - 5*q - 4. Let v be z(-1). List the prime factors of o(v).
2
Let n(d) = -14*d**3 - 1. Let i be n(-1). Suppose -2*a - 2*a = -4*o - 16, 47 = 3*a + 4*o. Let w = i + a. List the prime factors of w.
2, 11
Let t be (-7 - -9) + 158/2. Let x = -2 + t. Let n = -23 + x. List the prime factors of n.
2, 7
Let w(i) = -10*i**3 - 8*i**2 - 23*i + 9. What are the prime factors of w(-4)?
613
Let a = -12 - -18. Let i be a*-1*2/(-4). Suppose 2*v + 83 = 5*w - 32, 0 = 4*w - i*v - 85. List the prime factors of w.
5
Let a(r) = -10*r - 10. Let k(i) = -i - 1. Let o(z) = -2*a(z) + 18*k(z). Suppose m + 31 = 4*m + 4*p, -5*p = -20. What are the prime factors of o(m)?
2, 3
Let p(y) = 24*y**3 - 2*y**2 + 3*y - 13. What are the prime factors of p(4)?
3, 167
Let s(k) be the second derivative of 9/2*k**2 - 3*k + 2/3*k**4 - 1/20*k**5 - 4/3*k**3 + 0. What are the prime factors of s(7)?
2
Let r(j) = -5*j + 11. Let d be r(2). List the prime factors of (6/4 - 1)*(d + 27).
2, 7
Let p = -280 + 470. List the prime factors of p.
2, 5, 19
Suppose -3*n + j = -56, 21 = 5*n - 2*j - 72. Let o be (-28)/10*(n + -39). List the prime factors of (-142)/(-14) + (-8)/o.
2, 5
Suppose 27*x - 37222 + 14785 = 0. What are the prime factors of x?
3, 277
Let z(t) = 4*t - 14. Let p = -89 + 159. Let w be (p/(-4))/(-7)*2. List the prime factors of z(w).
2, 3
Let z(x) = -79*x - 10. List the prime factors of z(-10).
2, 3, 5, 13
Suppose -g + 209 = 2*f, 0 = 3*f + g + 2*g - 318. Let x = 188 - f. What are the prime factors of x?
5, 17
What are the prime factors of 2918/18 - -7*4/(-252)?
2, 3
Let s be ((-4)/(-3))/(10/15). Let x be s/4 - (-45)/10. Suppose x*o - 12 = y + 42, 46 = 4*o + 2*y. List the prime factors of o.
11
Let n = -20 + 28. List the prime factors of (-5)/((-50)/n)*(-2180)/(-8).
2, 109
Let y(a) = 4*a**2 + 5*a - 11. Let b(v) = -5*v**2 - 4*v + 12. Let m(j) = 6*b(j) + 7*y(j). Let t be m(8). What are the prime factors of 40/(-15)*t/6?
2, 5
List the prime factors of 42*2/12 - -401.
2, 3, 17
Let f(o) = -12*o - 29. Let d be f(16). Let i = 84 - d. What are the prime factors of i?
5, 61
Suppose 5*w - 5*z - 5420 = 0, 3*z = -8*w + 13*w - 5428. What are the prime factors of w?
2, 17
Let o(l) = l**2 - 8*l + 1. Let w be o(7). Let z(x) = -2*x - 9. Let u be z(w). Suppose -2*j = -u*r + 2*r - 144, 0 = j - r - 73. List the prime factors of j.
71
Suppose 2187 = 39*a - 31041. List the prime factors of a.
2, 3, 71
Suppose -15*d + 1795 = -5945. What are the prime factors of d?
2, 3, 43
Suppose w + 4323 = 4*m - 1955, -3*m + 4*w = -4702. List the prime factors of m.
2, 5, 157
Suppose 80 = l + 26. Let w be (-3)/2*(-144)/l. Suppose -w*c - 8 = 0, a - 6*c - 48 = -2*c. What are the prime factors of a?
2, 5
Suppose -8*p - 14*p = -17996. List the prime factors of p.
2, 409
Suppose -2*f - 124 - 236 = -5*n, 4*f = -2*n + 120. List the prime factors of n.
2, 5, 7
Suppose -5*y + 7*y - 4 = 0. Suppose -2*r + 30 = y*g, 0 = 3*g - 6*r + 3*r - 33. Suppose 0 - g = -q. What are the prime factors of q?
13
Suppose 0 = 5*b - 2*k - 299, -4*b + 2*b - 5*k = -137. Let n(a) = a**2 + 15*a + 1. Let r be n(-12). Let u = b + r. What are the prime factors of u?
2, 13
Let b(k) be the first derivative of 3/2*k**2 - 2*k**3 - 9*k - 1/4*k**4 - 4. List the prime factors of b(-7).
19
Suppose 6*j - 12 = 9*j, 0 = -5*q - j + 2166. Suppose 62 = 4*g - q. List the prime factors of g.
2, 31
Suppose -463*n = -465*n + 6860. List the prime factors of n.
2, 5, 7
Let j(a) = -79*a**3 - a**2 - a + 1. Let g be 2/10 + 6/(-5). What are the prime factors of j(g)?
2, 5
Let l = 120 - -319. What are the prime factors of l?
439
Suppose -9*b + 4*i - 750 = -14*b, b + 2*i - 144 = 0. What are the prime factors of b?
2, 7, 11
Suppose 114*g - 96*g = 96966. What are the prime factors of g?
5387
Let s be (-15)/35 - (-260)/(-14). Let f = 35 + s. List the prime factors of (-16 - 0)*(-52)/f.
2, 13
Let x(w) = w - 10. Let q be x(6). Let p(f) = -27*f - 12. What are the prime factors of p(q)?
2, 3
Let k be (-4)/14 + 456/28. Suppose -82 = -y - k. Suppose 5*z + 26 - y = 0. What are the prime factors of z?
2
Let w(p) = -352*p - 457. What are the prime factors of w(-9)?
2711
Let l be 2/10 + (-82)/10. Let r be (-117)/4 - (-6)/l. List the prime factors of 3*-1*230/r.
23
Suppose -3*i = -5*v + 15, -8*v + 3*v + 2*i = -20. Suppose -v*j = -75 - 867. List the prime factors of j.
157
Suppose -219 = 2*i - 5*i. Suppose -2*t - 3*l + 13 + i = 0, -5*t + 261 = -4*l. List th